Let l(g) = 162*g - 4228. Give l(26).
-16
Let m(a) = 8*a**2 - a + 1. Give m(1).
8
Let j(u) = -40*u**2 - 920*u - 16. Calculate j(-23).
-16
Let z(i) = -40*i**2 + i. Determine z(2).
-158
Let i(f) = 4697*f + 28177. Determine i(-6).
-5
Let a(l) = l**3 - 7*l**2 + 11*l - 25. What is a(3)?
-28
Let x(d) = d**2 - 1054*d + 31718. What is x(31)?
5
Let h(n) = n**2 + 25*n - 737. Calculate h(-42).
-23
Let m(c) = -28*c + 1552. Give m(58).
-72
Let q(r) = -r**2 + 23*r - 32. Determine q(0).
-32
Let w(n) = n**3 - 9*n**2 - 16*n - 42. Calculate w(11).
24
Let o(i) = -2*i**2 + 21*i + 776. Give o(26).
-30
Let p(d) = -d**3 - 60*d**2 - 172*d - 10. Determine p(-3).
-7
Let o(s) = -s**3 + 64*s**2 - 242*s + 158. Determine o(60).
38
Let z(a) = 599*a + 2990. What is z(-5)?
-5
Let t(h) = 42*h - 202. Calculate t(6).
50
Let p(g) = 588*g - 4123. Calculate p(7).
-7
Let t(l) = -12*l**2 + 106*l + 24. What is t(9)?
6
Let n(z) = -z**3 + 60*z**2 - 4*z + 246. What is n(60)?
6
Let l(g) = -g**2 + 4*g + 94. Calculate l(12).
-2
Let i(s) = -11*s + 98. What is i(19)?
-111
Let g(l) = 8*l**2 - 13*l - 42. Calculate g(-6).
324
Let p(l) = -190*l + 63. What is p(4)?
-697
Let c(z) = z**3 - 13*z**2 + 25*z + 90. Determine c(13).
415
Let w(z) = -2*z**2 - 241*z + 1751. Give w(7).
-34
Let k(s) = -s**3 + 34*s**2 + 5*s - 414. Determine k(34).
-244
Let n(b) = 2*b**2 + 34*b - 30. Determine n(-11).
-162
Let r(g) = 40*g + 1399. Calculate r(-35).
-1
Let x(l) = -2*l**2 + 358*l + 11241. Determine x(206).
117
Let n(a) = 3*a**2 + 5597*a - 11204. Determine n(2).
2
Let x(h) = -h**2 - 4*h + 591. Determine x(23).
-30
Let j(l) = -l**3 - 2*l - 216. Give j(-8).
312
Let a(z) = z**3 - 17*z**2 - 19*z + 73. Give a(17).
-250
Let w(d) = -11626*d - 46499. Calculate w(-4).
5
Let w(s) = s**3 - 19*s**2 + 69*s + 22. Give w(14).
8
Let a(g) = 526*g + 10577. What is a(-20)?
57
Let u(x) = -x**3 + 18*x**2 + 15*x + 69. Determine u(19).
-7
Let x(z) = -2*z**2 - 24*z + 169. Calculate x(5).
-1
Let q(s) = s**2 + 72*s + 154. Calculate q(-69).
-53
Let u(g) = -6061*g + 315171. What is u(52)?
-1
Let y(z) = -269*z - 3506. Give y(-13).
-9
Let p(m) = -6*m**3 - 175*m**2 - 192*m + 110. Determine p(-28).
-2
Let l(f) = -3*f**3 + 119*f**2 + 44*f - 133. Calculate l(40).
27
Let f(t) = 9*t - 105. What is f(16)?
39
Let r(k) = -490*k + 3442. Give r(7).
12
Let m(r) = -4*r**2 - 138*r - 69. What is m(-34)?
-1
Let s(f) = f**2 - 3*f - 14044. Give s(120).
-4
Let l(q) = -51*q - 211. What is l(4)?
-415
Let m(z) = 102*z - 21. Give m(-1).
-123
Let z(s) = -127*s + 64. What is z(2)?
-190
Let n(t) = 2*t**2 - 1120*t - 3335. What is n(-3)?
43
Let z(k) = 3*k**3 + 114*k**2 - 240*k - 21. What is z(-40)?
-21
Let k(x) = 5*x**2 - 6*x + 26. Determine k(7).
229
Let h(f) = -f**2 + 154*f - 3878. Calculate h(123).
-65
Let r(n) = -252*n + 5779. Determine r(23).
-17
Let m(a) = -4*a**2 - 66*a - 1. Determine m(-18).
-109
Let f(b) = 119*b + 132. Give f(2).
370
Let d(s) = 9*s**3 + 17*s**2 - 4*s - 15. Determine d(-2).
-11
Let k(w) = -w**3 + 17*w**2 - 53*w - 15. Calculate k(13).
-28
Let l(t) = 49*t - 3728. Calculate l(70).
-298
Let g(h) = h**3 - 14*h**2 - 50*h + 702. Determine g(14).
2
Let i(l) = 5*l**2 + 94*l + 145. Give i(-17).
-8
Let b(z) = z**3 + 6*z**2 - 39*z - 227. What is b(-7)?
-3
Let s(b) = -972*b + 9715. What is s(10)?
-5
Let g(f) = -2*f**2 + 1976*f - 11788. What is g(6)?
-4
Let w(n) = -116*n - 937. Calculate w(-8).
-9
Let b(h) = -26*h**2 - 835*h - 98. Calculate b(-32).
-2
Let p(x) = -x**2 + 146*x + 8833. What is p(-46)?
1
Let k(t) = 20*t - 108. Give k(9).
72
Let z(n) = -152*n - 761. Give z(-6).
151
Let h(j) = j**2 + 56*j + 669. What is h(-20)?
-51
Let w(s) = -s**3 - 9*s**2 + 59*s + 116. Determine w(-13).
25
Let b(f) = -2*f**2 + 36*f + 62. Give b(21).
-64
Let j(z) = 3*z**3 - 5*z - 1. Give j(2).
13
Let u(k) = -k**2 - 135*k - 643. Determine u(-5).
7
Let f(b) = -275*b - 37108. Give f(-135).
17
Let f(w) = -w**3 + 11*w**2 + 83*w - 66. Determine f(16).
-18
Let o(k) = 15*k + 851. Give o(-58).
-19
Let x(k) = 4*k - 82. Determine x(40).
78
Let k(g) = -15*g - 1262. Give k(-100).
238
Let m(t) = -42*t + 6206. Determine m(147).
32
Let k(s) = -s**3 + 19*s**2 + 8*s - 16. Calculate k(19).
136
Let y(l) = l**3 + 16*l**2 + 20*l - 290. What is y(-7)?
11
Let u(g) = g**3 + 84*g**2 + 75*g - 653. Give u(-83).
11
Let p(i) = -i**2 + 2379*i - 21330. Give p(9).
0
Let a(o) = -4*o**2 + 72*o + 19. Determine a(21).
-233
Let m(y) = -y**2 - 42*y - 545. Determine m(-20).
-105
Let c(y) = -y**3 - 49*y**2 - 176*y + 68. Determine c(-45).
-112
Let h(x) = -2*x**2 - 5*x + 32. Determine h(-11).
-155
Let u(g) = g**3 - g**2 - 11*g - 447. Give u(0).
-447
Let t(d) = -2*d**3 + 12*d**2 - 20*d + 48. Determine t(6).
-72
Let q(g) = 2*g**2 + 22*g - 59. Determine q(-13).
-7
Let s(z) = -z**2 + 102*z + 8432. Determine s(156).
8
Let s(t) = t**3 - 11*t**2 - 34*t - 104. Calculate s(14).
8
Let h(u) = 2*u**3 - 8*u**2 + 6*u - 79. Give h(5).
1
Let t(c) = -2*c**3 - 131*c**2 - 46*c + 1209. Determine t(-65).
-26
Let l(k) = -3*k**3 - 60*k**2 - 155*k - 12. Calculate l(-17).
22
Let j(r) = 115*r - 2517. Give j(22).
13
Let y(s) = s**3 - 113*s**2 + 1300*s - 6. What is y(13)?
-6
Let b(n) = -n**3 + 40*n**2 + 85*n + 85. Determine b(42).
127
Let p(s) = 48*s - 218. Determine p(6).
70
Let w(n) = -n**3 + 8*n**2 + 43*n - 402. Determine w(9).
-96
Let s(z) = 8*z**2 - 42*z + 181. Determine s(14).
1161
Let z(k) = -4*k + 5. Give z(7).
-23
Let w(b) = -170*b + 1515. Determine w(9).
-15
Let c(y) = y**3 - 51*y**2 + 643*y + 36. Determine c(28).
8
Let l(k) = -2*k**3 - 2*k**2 + 19*k - 8. Give l(-5).
97
Let b(v) = v**3 - 19*v**2 + 8*v + 26. Determine b(18).
-154
Let m(n) = -n**3 + 5*n**2 - 13*n - 3. What is m(7)?
-192
Let o(i) = -i**2 - 39*i + 151. Determine o(-35).
291
Let q(g) = -g**3 - 21*g**2 - 106*g + 7. Give q(-11).
-37
Let o(l) = -25*l + 575. Determine o(22).
25
Let b(u) = -2*u**2 - 54*u - 49. What is b(-4)?
135
Let j(v) = -66*v - 297. Calculate j(-3).
-99
Let k(l) = -42*l + 554. What is k(13)?
8
Let n(w) = -w**3 + 10*w**2 - 6*w + 11. Give n(8).
91
Let q(c) = -2814*c - 33768. Give q(-12).
0
Let q(w) = 972*w + 3881. Calculate q(-4).
-7
Let c(t) = t**3 - 10*t**2 - 6*t + 58. Determine c(10).
-2
Let v(g) = -g**2 - 29*g - 222. Determine v(-12).
-18
Let y(c) = c**3 - 17*c**2 + 76*c - 13. Determine y(11).
97
Let x(m) = -18*m + 310. Give x(20).
-50
Let r(s) = s**2 - 89*s + 2373. Determine r(50).
423
Let i(x) = -8*x + 564. What is i(66)?
36
Let r(a) = 18*a + 17. Determine r(-8).
-127
Let m(u) = 3*u**3 - 60*u**2 + 297*u - 18. What is m(10)?
-48
Let f(x) = -x**3 + 28*x**2 + 90*x + 89. What is f(31)?
-4
Let j(h) = h**3 - 2*h**2 - 20*h - 10. What is j(6)?
14
Let x(d) = 162*d - 7459. Calculate x(46).
-7
Let i(v) = v**2 - 54*v + 452. Give i(43).
-21
Let s(t) = 18*t**2 - 271*t + 44. What is s(15)?
29
Let w(b) = -96*b**2 - 2496*b - 36. What is w(-26)?
-36
Let g(j) = 2*j**2 - 73*j - 154. Calculate g(38).
-40
Let a(i) = 457*i + 16909. Determine a(-37).
0
Let g(p) = 45*p + 1945. Determine g(-43).
10
Let r(p) = -8*p**2 - 17*p + 155. Calculate r(6).
-235
Let u(n) = 5*n - 386. Calculate u(27).
-251
Let k(z) = -z**3 - 31*z**2 - 45*z - 106. Determine k(-29).
-483
Let x(y) = -35*y + 1016. Give x(31).
-69
Let p(n) = n**3 + 50*n**2 + 271*n - 181. What is p(-7)?
29
Let k(u) = u**3 + 69*u**2 + 114*u - 1158. Determine k(-67).
182
Let p(d) = d**2 + 100*d + 2231. Give p(-32).
55
Let n(s) = -s**3 + 11*s**2 + 5*s - 33. What is n(11)?
22
Let p(d) = d**2 - 35*d + 41. Give p(36).
77
Let l(w) = -w**3 + 28*w**2 - 70*w - 26. Calculate l(24).
598
Let f(o) = -110*o - 3809. Give f(-34).
-69
Let j(v) = -v**3 + 44*v**2 - 230*v + 79. Give j(38).
3
Let w(o) = 44*o + 101. Determine w(-3).
-31
Let z(p) = p**2 + 88*p + 1871. Give z(-36).
-1
Let g(m) = -2*m**2 + 15*m + 328. Determine g(-8).
80
Let h(m) = -11*m - 37. What is h(-8)?
51
Let y(w) = -15*w + 1172. What is y(34)?
662
Let k(t) = 13*t**2 - 52*t - 3. Determine k(5).
62
Let m(g) = 6*g + 310. What is m(-122)?
-422
Let y(b) = 63*b**2 - 17*b - 2. Calculate y(-2).
284
Let y(g) = -111*g - 3715. Give y(-34).
59
Let f(v) = 3*v**3 - 306*v**2 - 308*v - 64. Give f(103).
39
Let j(u) = u**3 + 27*u**2 - 70*u - 295. Determine j(-29).
53
Let y(t) = -2*t - 54. Calculate y(13).
-80
Let i(r) = -4*r**2 - 18*r + 10. Give i(-8).
-102
Let i(j) = 6*j**3 + 2*j**2 + 2*j + 2. What is i